 Suppose 8*l = -1545 + i. List the prime factors of (-8 + l/(-24))/((-1)/88).
2, 3, 11
Suppose 9*z = -29231 + 94427. What are the prime factors of z?
2, 1811
Let y = 54 - 50. Let d(z) be the first derivative of z**4/4 - z**3/3 + 3*z**2 + 9*z + 4. List the prime factors of d(y).
3
Suppose -5*b = 3*y - 17961 - 22991, 8192 = b - y. What are the prime factors of b?
8191
Suppose -5*c = -10*c + 3*f + 948, -4*f = -4*c + 752. Suppose 3*m - 231 = c. Let d = m + -16. List the prime factors of d.
5
Suppose 32*d + 300240 = 72*d. List the prime factors of d.
2, 3, 139
Suppose 36*a + 36 = 42*a. Suppose a*r - 7*r = -310. What are the prime factors of r?
2, 5, 31
Suppose 2*g + 4*k = 7*k - 7, -k = 4*g - 7. Suppose -3*o + g = -5*b + 28, 3*b + 4*o + 7 = 0. What are the prime factors of (275/1 + b - 1) + 0?
277
Suppose -3*a - 54626 = -4*z, -5*z + 23665 = -5*a - 44615. What are the prime factors of z?
2, 6829
Suppose 0 = 6*t - 18*t + 4776. Suppose 206*c - t = 205*c. List the prime factors of c.
2, 199
Let u = 126 + -124. Suppose 3*g - 949 = -5*s, u*s - 2*g - 2*g = 390. What are the prime factors of s?
191
Let x = 352 + -400. List the prime factors of (-52170)/x - -6 - 1/(-8).
1093
Let v = 73007 - 49956. List the prime factors of v.
7, 37, 89
Let h be 25 + -21 - (1 + -1)/(-1). Suppose 2*r - 4*c - 14 = 0, -2*c - 25 = r + h*r. List the prime factors of r/(1 - -2)*-23.
23
Let d = 241 + -1888. Let x = -1116 - d. What are the prime factors of x?
3, 59
Suppose -75 = 3*z + 2*z. Let t = -139 - -177. Let h = z + t. What are the prime factors of h?
23
Let w(o) = -6*o**3 - 2*o**2 + 5*o - 1. Let d be w(-3). Suppose 5*a - 272 = d. Let c = -74 + a. List the prime factors of c.
2, 3
Suppose 84 = 25*w - 4*w. Suppose 0 = -3*a + 3*s + 1323, -5*a - w*s = -a - 1724. What are the prime factors of a?
2, 109
Suppose -694*o + 627 = -675*o. What are the prime factors of o?
3, 11
Suppose -40*t - 421542 = -43*t - 15*t. What are the prime factors of t?
11, 2129
Suppose -36 = -4*o - 4*b, -3*o - 8 = -b - 19. Suppose -2*g - g - n = -275, 3*n = -o*g + 465. List the prime factors of g.
2, 3, 5
Let j = -12405 - -18224. List the prime factors of j.
11, 23
Let t(d) = -340*d - 181. List the prime factors of t(-19).
3, 7, 13, 23
Suppose 84*t + 69*t = 168*t - 395790. List the prime factors of t.
2, 79, 167
Suppose -4*b + 8 = 4*h, 0*h + 2*b - 6 = -3*h. Suppose -h*t + 455 = 101. What are the prime factors of ((-10)/4)/5 - t/(-2)?
2, 11
Let m = -9959 - -12998. What are the prime factors of m?
3, 1013
Let j = -485 - -1170. Let y = j - 256. What are the prime factors of y?
3, 11, 13
What are the prime factors of (39*(-2359)/42 + -8)/((-1)/2)?
4397
Suppose 24*t = -i + 29*t + 18557, -92577 = -5*i - t. List the prime factors of i.
18517
Let i = -794 - -3566. What are the prime factors of ((-3)/(-2) + 0)*i/33?
2, 3, 7
Suppose 0 = -5*g + 4*q + 33850, -10*g + 33850 = -5*g + 5*q. What are the prime factors of g?
2, 5, 677
Suppose t = -5*x + 10, -x - x + 43 = 3*t. Suppose -t - 403 = -22*c. Suppose 0 = -17*i + c*i - 284. List the prime factors of i.
2, 71
Let n(p) = -71*p - 32. Let i be n(-7). Suppose -a + 5*v = -111, 2*a + 5*v = -3*a + i. Suppose -5*s - g = -a, 3*s + 4*g + g = 40. List the prime factors of s.
2, 5
List the prime factors of -2 + 4 + (3996 - 17).
3, 1327
Suppose 831 = 12*i - 5457. Let p = i + -176. List the prime factors of p.
2, 3, 29
Let o(h) = -9*h**3 - 17*h**2 - 7*h + 9. Let p be o(-7). Suppose -2*m + 2*i + 1532 = -3*i, 0 = -3*m + 4*i + p. List the prime factors of m.
2, 97
Let s = 68 - 25. Suppose -p + 110 = s. Let w = 225 - p. What are the prime factors of w?
2, 79
Let m be (12/(-2))/((-42)/28). Suppose m*x - 6*x = -8. Suppose -x*a + 2*a + 356 = 0. List the prime factors of a.
2, 89
Suppose 0 = s + 4*o - 38, -6*s - 2*o + 262 = -s. What are the prime factors of 14697/s + 2/(-12)?
2, 17
Let q(c) be the first derivative of 278*c**3/3 - 3*c**2 - 6*c - 245. List the prime factors of q(-2).
2, 13, 43
Let c(m) = m**3 - 14*m**2 - 14*m - 13. Let d be c(15). Let i be (378/27)/(d/7). Let x = 87 - i. List the prime factors of x.
2, 19
Let r = 47 + -42. Let i(n) = 66*n + 7. Let a be i(r). Suppose 5*f = 388 + a. List the prime factors of f.
5, 29
Let l(d) = -d**2 + 4. Let o be l(0). Suppose 5*u + 3*f + 24 = 0, -5*u - 8*f + o*f - 22 = 0. What are the prime factors of (-53)/(-1) - u/2?
2, 7
List the prime factors of (24 - (-51883 + -23)) + 14.
2, 43, 151
Suppose -11364 + 165000 = 2*i - 4*j, 153642 = 2*i + 2*j. List the prime factors of i.
2, 5, 23, 167
Let o be 8/(-96) + 50/24. Suppose -x + c = -298, 0*x + 5*c + 581 = o*x. What are the prime factors of x?
3, 101
Let b be 4/28*294/21. Suppose h - 417 - 818 = x, 5*h - 6196 = -b*x. List the prime factors of h.
2, 619
Let l(j) = -205*j**3 - 3*j + 204*j**3 - 13 - 4*j + 4 + 10*j**2. Let i = 21 - 14. List the prime factors of l(i).
89
Suppose 2*t - 705 = -13*t. Let c = t + 127. What are the prime factors of c?
2, 3, 29
What are the prime factors of 4563780/78*6/15?
2, 5851
Suppose -48687 = 79*z - 82*z - 3*b, -b = -5*z + 81127. What are the prime factors of z?
2, 7, 19, 61
Suppose 28 = 2*o - 3*h - h, 2*o - 5*h = 33. List the prime factors of 8430/o*94/235.
3, 281
Let u(b) = -3*b**2 + 37*b - 22. Let j be u(16). What are the prime factors of (4 - j/(-51)) + 22538/34?
3, 13, 17
Let q(z) = z**3 - 7*z**2 + 5*z + 2. Suppose -19*j + 23*j - 24 = 0. Let p be q(j). List the prime factors of p - 70*(-1 + -3).
2, 3, 23
Let q(r) = 33*r**2 - 45*r - 690. What are the prime factors of q(-20)?
2, 3, 5, 149
Let k = -10097 + 19875. List the prime factors of k.
2, 4889
What are the prime factors of 144/60*(-73520)/(-24)?
2, 919
Let d(u) = -133*u**3 - u - 1. Let v be d(-1). Suppose 827 = 2*r - v. Let a = r + -297. What are the prime factors of a?
3, 61
Suppose 28*o = 26*o. Suppose 2*q = -o*q + 148. Suppose -q = -4*v + 194. List the prime factors of v.
67
Let c(o) = o**2 - o. Let t be c(1). Suppose 16*h - 19*h = t. List the prime factors of 59 + h + (-5 - -3).
3, 19
Let k(v) = 19*v + 7*v**2 - 5 - v**2 - 16 + v**3 + 11*v**2. What are the prime factors of k(-14)?
7, 43
Let l(x) = -54*x + 10. Let k(p) = 55*p - 13. Let r(h) = -5*k(h) - 4*l(h). What are the prime factors of r(-17)?
2, 257
Suppose 75*v - 5350265 + 1101065 = 0. What are the prime factors of v?
2, 3541
Let c = -18 - -17. Let x be 1407/(-6) + c/(-2). Let i = x + 382. List the prime factors of i.
2, 37
Let i = 32 - 35. Let x be i/(-15)*-2*-75. List the prime factors of 56/(-10)*x/(-4).
2, 3, 7
Let i = -9 + 37. Let o be 8/i + 40/7. Let m(p) = -p**3 + 6*p**2 + 4*p + 8. What are the prime factors of m(o)?
2
Let d(m) = -4034*m + 31. What are the prime factors of d(-2)?
7, 13, 89
Suppose -6*n + 36 = -x - 5*n, -4*n - 21 = x. Let g be (-11554)/(-8) - x/44. Suppose l + 16*l - g = 0. What are the prime factors of l?
5, 17
List the prime factors of (-232)/(-20)*18435/6 + (1 - 10).
2, 17, 131
Suppose 299 = 6*l + 101. Let n(w) = w**3 - 31*w**2 - 53*w + 67. What are the prime factors of n(l)?
2, 31
Suppose -110064 = 44*c - 390652. List the prime factors of c.
7, 911
Let u be 5 + 0/(-5) + 3. What are the prime factors of (-23 + 19)*(-378)/u?
3, 7
Let z(x) = -5*x**3 + 27*x**2 - 10*x + 5. Let r(n) = 4*n**3 - 28*n**2 + 11*n - 5. Let u(b) = 3*r(b) + 2*z(b). List the prime factors of u(15).
2, 5, 19
Suppose 7*z + 109 - 137 = 0. Suppose 0 = 2*c - 10, -z*p - 5*c + 10*c = -103. List the prime factors of p.
2
Let c(j) = -2*j**3 - 5*j**2 - 4*j - 6. Let s be c(-2). Let m(f) = -f**3 + 2*f + 5. List the prime factors of m(s).
3
Suppose 12*m - 17*m = -4*o - 119736, 3*m - 5*o = 71826. What are the prime factors of m?
2, 3, 499
Let f(y) be the third derivative of y**5/30 - 11*y**4/8 - 19*y**3/6 + 12*y**2 + 5. List the prime factors of f(31).
2, 5, 11
Let o be ((-22)/8)/((-1)/4). Suppose -o = -3*q + 490. What are the prime factors of q?
167
Let s be (5635/(-245))/((-2)/6). Suppose -4*k - 5*g + 0 = 4, 0 = 2*k + 2*g. Suppose f + k = s. List the prime factors of f.
5, 13
Let b(s) = -3*s**3 + 86*s**2 - 34*s - 58. What are the prime factors of b(24)?
2, 5, 719
Let r = 6089 - -3768. What are the prime factors of r?
9857
Let q(r) = -2*r - 40. Let d be q(-23). Let z be (2 - 3) + 18/d. Suppose -h - 4*w - z = 0, 2*w = 3*w + 2. List the prime factors of h.
2, 3
Let t(f)